01
Convert -2413304320 (base 5) to base 11.
-3188172
Convert -73063 (base 12) to base 5.
-14303121
Convert 1203200 (base 6) to base 10.
62928
3024230042 (base 5) to base 11
3487785
Convert 101010011111101100 (base 2) to base 9.
284680
Convert 35b01c (base 13) to base 15.
1a47bb
12210004 (base 5) to base 8
343036
657613 (base 9) to base 5
100031300
Convert 50737 (base 11) to base 3.
10202122011
What is -202015504 (base 6) in base 10?
-3455104
What is -9926 (base 10) in base 4?
-2123012
Convert 43233a (base 16) to base 9.
8245511
What is -1111031333 (base 4) in base 7?
-2652440
254731 (base 8) to base 4
111213121
Convert -a8336 (base 12) to base 16.
-361da
What is -1011000001111011001 (base 2) in base 10?
-361433
-232422414 (base 6) to base 11
-2495734
Convert 4e736a (base 15) to base 2.
1110011000100100011010
What is -1b7834 (base 15) in base 4?
-11013210130
Convert -1101101011111100001 (base 2) to base 10.
-448481
Convert 1172725 (base 8) to base 10.
325077
Convert 1551453 (base 7) to base 6.
4331550
Convert 44683 (base 12) to base 5.
10401234
-111012112202 (base 3) to base 8
-773522
What is 86296 (base 10) in base 7?
506410
852728 (base 12) to base 9
3848045
Convert -10233201203 (base 4) to base 3.
-2100011101202
Convert -1b4b72 (base 12) to base 6.
-14223422
16546351 (base 7) to base 12
6646b1
5a3a0a (base 11) to base 4
3221213032
Convert -1177183 (base 9) to base 6.
-21430420
-111111011000110001 (base 2) to base 12
-106301
-2b6c4 (base 16) to base 4
-223123010
-260613 (base 7) to base 6
-1011420
What is 2321221122 (base 4) in base 9?
1378070
482721 (base 9) to base 4
1012332220
Convert -123100100 (base 4) to base 6.
-2220452
Convert -40264 (base 12) to base 11.
-57655
What is -536802 (base 9) in base 12?
-1351a8
b1916a (base 13) to base 10
4132814
What is 2e12a (base 16) in base 9?
316772
What is -117006 (base 15) in base 11?
-51a357
What is -86668 (base 11) in base 8?
-365732
-7733442 (base 9) to base 4
-33312210032
Convert 9760 (base 11) to base 16.
325c
What is -3111402410 (base 5) in base 13?
-1417408
What is -13554406 (base 7) in base 3?
-2101201202001
What is 213254401 (base 7) in base 12?
4330454
Convert -6163837 (base 10) to base 16.
-5e0d7d
-257187a (base 11) to base 3
-22101020201012
233103123 (base 4) to base 9
324703
Convert -27e302 (base 15) to base 16.
-1d501c
What is -6d2b (base 15) in base 6?
-255252
What is 2430204404 (base 5) in base 9?
11662551
What is -10112222000 (base 4) in base 13?
-30c692
What is 10110100001101110 (base 2) in base 6?
1551102
Convert 546b (base 13) to base 8.
26746
What is 3121213030 (base 4) in base 5?
212010330
What is 227f23 (base 16) in base 9?
4225167
What is -124001 (base 7) in base 3?
-1011112012
23332141 (base 5) to base 15
43916
10011023111 (base 4) to base 11
670819
42fb1 (base 16) to base 14
71da9
What is -22111101123 (base 4) in base 13?
-73ab08
131335100 (base 6) to base 2
1001111001011001101100
What is -415cdd (base 14) in base 16?
-21a91b
Convert -1030896 (base 14) to base 2.
-11101001010110100010100
What is 843425 (base 13) in base 8?
13626656
What is 9503042 (base 11) in base 12?
573b27b
What is -330214400 (base 5) in base 15?
-1cdd35
Convert 11011111001001111110111 (base 2) to base 4.
123321033313
Convert -43dc1a (base 14) to base 7.
-25405633
What is -42452 (base 15) in base 16?
-33533
-b2d37 (base 15) to base 6
-20051054
Convert -10000130 (base 4) to base 5.
-1011122
Convert d7289 (base 15) to base 2.
10100110100101011001
Convert 3022312313 (base 4) to base 16.
cadb7
What is -1101011111000111 (base 2) in base 9?
-83686
-312242 (base 7) to base 6
-1052152
1003603 (base 7) to base 2
11101000010111111
-2e80e (base 15) to base 8
-445452
Convert 10031701 (base 8) to base 16.
2033c1
Convert 1247509 (base 10) to base 9.
2311231
1011000010101000100001 (base 2) to base 13
7a455a
What is -a5b9b (base 12) in base 7?
-1564463
325606 (base 7) to base 14
16c06
100101000110111111 (base 2) to base 3
21201111121
Convert -c637 (base 16) to base 2.
-1100011000110111
-295bd (base 14) to base 5
-11241200
147a2 (base 12) to base 6
341122
1111111011001101001 (base 2) to base 10
521833
Convert 493562 (base 13) to base 11.
a95670
What is -409c60 (base 15) in base 3?
-12210000011100
11673455 (base 9) to base 2
10101110011110011001000
Convert 12310301 (base 4) to base 2.
110110100110001
What is -125267 (base 9) in base 5?
-4413124
What is -35a4a3 (base 13) in base 5?
-311420323
What is -6394d4 (base 14) in base 4?
-30312032302
Convert 1320310230 (base 4) to base 9.
833770
What is -1b6b20 (base 12) in base 11?
-304359
110100111100010000011 (base 2) to base 8
6474203
What is 11121110222220 (base 3) in base 12?
9a1b06
Convert -21131111112 (base 4) to base 14.
-487834
What is -4da636 (base 14) in base 16?
-28e248
Convert a66585 (base 11) to base 2.
110100000110000100000
Convert -11a409 (base 15) to base 8.
-3161563
What is -615066 (base 10) in base 12?
-257b36
34706 (base 11) to base 8
141664
What is -13413400 (base 5) in base 7?
-1115040
Convert -11ba9ba (base 12) to base 13.
-94b949
What is -1112203444 (base 5) in base 8?
-11304342
-5154325 (base 6) to base 11
-15a7a2
132044012 (base 5) to base 8
2407471
Convert -349712 (base 10) to base 3.
-122202201022
Convert 20441233 (base 5) to base 13.
6005c
-ba73c1 (base 14) to base 9
-12802602
What is -385350 (base 13) in base 9?
-2483210
133a5a (base 13) to base 5
104342312
Convert 696232 (base 10) to base 14.
141a2c
-1000010111110112 (base 3) to base 6
-1233004535
What is 269931 (base 11) in base 13?
11a734
What is -34ed24 (base 15) in base 7?
-30340345
What is -22460320 (base 7) in base 15?
-28bea4
-810bc (base 14) to base 12
-12b652
2020000021020 (base 3) to base 2
100100000010111110111
-5330350 (base 7) to base 10
-646051
-787965 (base 10) to base 12
-31bbb9
Convert -150421 (base 7) to base 11.
-1a895
What is 153b0 (base 16) in base 3?
11102021202
-754740 (base 9) to base 6
-13345443
4313412 (base 5) to base 15
16957
-11328345 (base 10) to base 15
-edb830
What is 17d22 (base 16) in base 5?
11110240
52535204 (base 8) to base 3
210001110020112
2202302033 (base 4) to base 8
2426217
-397314 (base 15) to base 3
-12012010100201
Convert -1002201120 (base 3) to base 9.
-32646
Convert 234213232 (base 6) to base 7.
52266320
What is 12022200121111 (base 3) in base 5?
1211000421
Convert -12200331321 (base 4) to base 13.
-47a4b9
What is -1100027 (base 8) in base 9?
-488515
1767722 (base 8) to base 12
211016
What is 310044124 (base 5) in base 9?
2318755
19364 (base 16) to base 3
12020122202
-1478424 (base 9) to base 3
-1112122110211
What is 16d2c (base 16) in base 2?
10110110100101100
Convert -3123002102 (base 4) to base 5.
-212202140
Convert 22013301013 (base 4) to base 8.
12076107
What is 1551005 (base 6) in base 2?
10110100001001101
What is 1487bb (base 12) in base 7?
2642636
Convert -200010342 (base 5) to base 10.
-781972
What is 123213120 (base 4) in base 10?
113112
Convert -114a158 (base 13) to base 11.
-3013a29
Convert -2d7e0 (base 16) to base 6.
-3554400
What is -244106402 (base 7) in base 10?
-15313433
Convert -458071 (base 10) to base 6.
-13452411
Convert b05bd (base 16) to base 14.
14b377
What is 6370705 (base 8) in base 3?
10012101100211
What is -1010001101010100100 (base 2) in base 14?
-89c8c
What is 478b1 (base 12) in base 15?
1d81a
Convert 7b1b3 (base 14) to base 8.
1110671
What is -3075228 (base 9) in base 14?
-30b227
What is 1301032123 (base 4) in base 9?
776151
What is 3a0b3 (base 13) in base 16?
1a517
What is -2102115 (base 6) in base 4?
-120302333
What is -30f3fd (base 16) in base 12?
-10a8711
100011101101101000110 (base 2) to base 16
11db46
89236 (base 14) to base 4
1101022300
Convert 261615 (base 12) to base 8.
2304061
1000202220201 (base 3) to base 15
abead
Convert -3cc00 (base 13) to base 16.
-1bd9b
What is -1454042 (base 9) in base 5?
-201202041
What is -148559 (base 10) in base 8?
-442117
-16202205 (base 8) to base 14
-6d3abb
Convert -411838 (base 9) to base 15.
-4c52e
-2a5b4 (base 14) to base 4
-121233002
What is 66676 (base 12) in base 3?
20220012100
264010 (base 9) to base 6
3234313
Convert 3b31b0 (base 12) to base 6.
33001140
1746162 (base 9) to base 11
606a34
26cbc3 (base 13) to base 9
1685567
What is 90499 (base 10) in base 11?
61aa2
What is